{"id":142,"date":"2022-02-16T14:42:31","date_gmt":"2022-02-16T13:42:31","guid":{"rendered":"https:\/\/2022.birrer.swiss\/?page_id=142"},"modified":"2025-06-16T23:37:13","modified_gmt":"2025-06-16T21:37:13","slug":"vereine-und-projekte","status":"publish","type":"page","link":"https:\/\/birrer.swiss\/?page_id=142","title":{"rendered":"Vereine und Projekte"},"content":{"rendered":"\n<p><strong>Ehemalige Vereinsmitgliedschaften und Projekte<\/strong><\/p>\n\n\n\n<div class=\"wp-block-media-text alignwide is-stacked-on-mobile\" style=\"grid-template-columns:25% auto\"><figure class=\"wp-block-media-text__media\"><img fetchpriority=\"high\" decoding=\"async\" width=\"389\" height=\"236\" src=\"https:\/\/2022.birrer.swiss\/wp-content\/uploads\/2022\/02\/Logo_GVM_original.jpg\" alt=\"\" class=\"wp-image-143 size-full\" srcset=\"https:\/\/birrer.swiss\/wp-content\/uploads\/2022\/02\/Logo_GVM_original.jpg 389w, https:\/\/birrer.swiss\/wp-content\/uploads\/2022\/02\/Logo_GVM_original-300x182.jpg 300w\" sizes=\"(max-width: 389px) 100vw, 389px\" \/><\/figure><div class=\"wp-block-media-text__content\">\n<p class=\"has-large-font-size\">Gewerbeverein Meggen<\/p>\n\n\n\n<p><a href=\"https:\/\/www.gewerbe-meggen.ch\">www.gewerbe-meggen.ch<\/a><br>Vorstandsmitglied 2016-2025<\/p>\n<\/div><\/div>\n\n\n\n<hr class=\"wp-block-separator has-css-opacity\"\/>\n\n\n\n<div class=\"wp-block-media-text alignwide is-stacked-on-mobile\" style=\"grid-template-columns:25% auto\"><figure class=\"wp-block-media-text__media\"><img decoding=\"async\" width=\"886\" height=\"586\" src=\"https:\/\/2022.birrer.swiss\/wp-content\/uploads\/2022\/02\/SVP_dt_rgb.webp\" alt=\"\" class=\"wp-image-144 size-full\" srcset=\"https:\/\/birrer.swiss\/wp-content\/uploads\/2022\/02\/SVP_dt_rgb.webp 886w, https:\/\/birrer.swiss\/wp-content\/uploads\/2022\/02\/SVP_dt_rgb-300x198.webp 300w, https:\/\/birrer.swiss\/wp-content\/uploads\/2022\/02\/SVP_dt_rgb-768x508.webp 768w\" sizes=\"(max-width: 886px) 100vw, 886px\" \/><\/figure><div class=\"wp-block-media-text__content\">\n<p class=\"has-large-font-size\">SVP<\/p>\n\n\n\n<p><a href=\"https:\/\/svpmeggen.ch\">www.svpmeggen.ch<\/a><br>Vorstand \/ Ortsparteipr\u00e4sident Meggen 2016-2025<\/p>\n<\/div><\/div>\n\n\n\n<hr class=\"wp-block-separator has-css-opacity\"\/>\n\n\n\n<div class=\"wp-block-media-text alignwide is-stacked-on-mobile\" style=\"grid-template-columns:25% auto\"><figure class=\"wp-block-media-text__media\"><img decoding=\"async\" width=\"1024\" height=\"367\" src=\"https:\/\/2022.birrer.swiss\/wp-content\/uploads\/2022\/02\/logo_1024_WHITE.png\" alt=\"\" class=\"wp-image-162 size-full\" srcset=\"https:\/\/birrer.swiss\/wp-content\/uploads\/2022\/02\/logo_1024_WHITE.png 1024w, https:\/\/birrer.swiss\/wp-content\/uploads\/2022\/02\/logo_1024_WHITE-300x108.png 300w, https:\/\/birrer.swiss\/wp-content\/uploads\/2022\/02\/logo_1024_WHITE-768x275.png 768w\" sizes=\"(max-width: 1024px) 100vw, 1024px\" \/><\/figure><div class=\"wp-block-media-text__content\">\n<p class=\"has-large-font-size\">Rigi News<\/p>\n\n\n\n<p>Pers\u00f6nlicher Blog.  [<a href=\"https:\/\/2022.birrer.swiss\/?page_id=139\">LINK<\/a>]<br>Die Rigi \u2013 K\u00f6nigin der Berge. Ein Ort der Entspannung, Inspiration und ein Ort um Weitsicht in einer Sachthematik zu finden. <\/p>\n\n\n\n<p>Folge auf Telegram:&nbsp;&nbsp;&nbsp;&nbsp; <a href=\"https:\/\/t.me\/riginews\">https:\/\/t.me\/riginews<\/a><br>oder Facebook:&nbsp;&nbsp;&nbsp; <a href=\"https:\/\/www.facebook.com\/riginews\">https:\/\/www.facebook.com\/riginews<\/a><\/p>\n<\/div><\/div>\n\n\n\n<hr class=\"wp-block-separator has-css-opacity\"\/>\n\n\n\n<p><\/p>\n\n\n\n<div class=\"wp-block-media-text alignwide is-stacked-on-mobile\" style=\"grid-template-columns:24% auto\"><figure class=\"wp-block-media-text__media\"><img loading=\"lazy\" decoding=\"async\" width=\"130\" height=\"134\" src=\"https:\/\/2022.birrer.swiss\/wp-content\/uploads\/2022\/02\/logo130.gif\" alt=\"\" class=\"wp-image-148 size-full\"\/><\/figure><div class=\"wp-block-media-text__content\">\n<p class=\"has-large-font-size\">InternationalerRigitr\u00e4ger-Berglauf<\/p>\n\n\n\n<p>www.rigiberglauf.ch<\/p>\n\n\n\n<p>\u00dcber 10 Jahre als Chef Rechnungsb\u00fcro und Zeitmessung im OK.<br>Mein Engagement am Sport und der Rigi.<br><\/p>\n<\/div><\/div>\n\n\n\n<hr class=\"wp-block-separator has-css-opacity\"\/>\n\n\n\n<div class=\"wp-block-media-text alignwide is-stacked-on-mobile\" style=\"grid-template-columns:24% auto\"><figure class=\"wp-block-media-text__media\"><img loading=\"lazy\" decoding=\"async\" width=\"360\" height=\"480\" src=\"https:\/\/2022.birrer.swiss\/wp-content\/uploads\/2022\/02\/gfm.jpg\" alt=\"\" class=\"wp-image-149 size-full\" srcset=\"https:\/\/birrer.swiss\/wp-content\/uploads\/2022\/02\/gfm.jpg 360w, https:\/\/birrer.swiss\/wp-content\/uploads\/2022\/02\/gfm-225x300.jpg 225w\" sizes=\"(max-width: 360px) 100vw, 360px\" \/><\/figure><div class=\"wp-block-media-text__content\">\n<p class=\"has-large-font-size\">Guggenmusig<br>Gl\u00f6gglifr\u00f6sch Meggen<\/p>\n\n\n\n<p>www.gloegglifroesch.ch<br>10 Jahre Mitglied und Tubist.<\/p>\n<\/div><\/div>\n\n\n\n<hr class=\"wp-block-separator has-css-opacity\"\/>\n\n\n\n<div class=\"wp-block-media-text alignwide is-stacked-on-mobile\" style=\"grid-template-columns:24% auto\"><figure class=\"wp-block-media-text__media\"><img loading=\"lazy\" decoding=\"async\" width=\"220\" height=\"226\" src=\"https:\/\/2022.birrer.swiss\/wp-content\/uploads\/2022\/02\/mecki.jpg\" alt=\"\" class=\"wp-image-151 size-full\"\/><\/figure><div class=\"wp-block-media-text__content\">\n<p class=\"has-large-font-size\">Chl\u00fcterlig Clique Arth<\/p>\n\n\n\n<p>1982 &#8211; 1998 Mitglied Fasnachtsgesellschaft aus Arth. <br>Unsere Masken: <a href=\"https:\/\/de.wikipedia.org\/wiki\/Mecki\">https:\/\/de.wikipedia.org\/wiki\/Mecki<\/a><\/p>\n<\/div><\/div>\n\n\n\n<hr class=\"wp-block-separator has-css-opacity\"\/>\n\n\n\n<div class=\"wp-block-media-text alignwide is-stacked-on-mobile\" style=\"grid-template-columns:23% auto\"><figure class=\"wp-block-media-text__media\"><img loading=\"lazy\" decoding=\"async\" width=\"82\" height=\"96\" src=\"https:\/\/2022.birrer.swiss\/wp-content\/uploads\/2022\/02\/aol96x82.gif\" alt=\"\" class=\"wp-image-153 size-full\"\/><\/figure><div class=\"wp-block-media-text__content\">\n<p class=\"has-large-font-size\">Arth-Online<\/p>\n\n\n\n<p>www.arth-online.ch<\/p>\n\n\n\n<p>Bericht aus &#171;Bote der Urschweiz&#187; vom <strong>28.04.1999<\/strong>:<br><\/p>\n<\/div><\/div>\n\n\n\n<figure class=\"wp-block-image size-full\"><img loading=\"lazy\" decoding=\"async\" width=\"973\" height=\"823\" src=\"https:\/\/2022.birrer.swiss\/wp-content\/uploads\/2022\/02\/19990428_-_Gemeinde_Arth_jetzt_auch_online.png\" alt=\"\" class=\"wp-image-154\" srcset=\"https:\/\/birrer.swiss\/wp-content\/uploads\/2022\/02\/19990428_-_Gemeinde_Arth_jetzt_auch_online.png 973w, https:\/\/birrer.swiss\/wp-content\/uploads\/2022\/02\/19990428_-_Gemeinde_Arth_jetzt_auch_online-300x254.png 300w, https:\/\/birrer.swiss\/wp-content\/uploads\/2022\/02\/19990428_-_Gemeinde_Arth_jetzt_auch_online-768x650.png 768w\" sizes=\"(max-width: 973px) 100vw, 973px\" \/><\/figure>\n\n\n\n<hr class=\"wp-block-separator has-css-opacity\"\/>\n\n\n\n<div class=\"wp-block-media-text alignwide is-stacked-on-mobile\" style=\"grid-template-columns:21% auto\"><figure class=\"wp-block-media-text__media\"><img loading=\"lazy\" decoding=\"async\" width=\"568\" height=\"46\" src=\"https:\/\/2022.birrer.swiss\/wp-content\/uploads\/2022\/02\/zugerseeschwimmen.png\" alt=\"\" class=\"wp-image-157 size-full\" srcset=\"https:\/\/birrer.swiss\/wp-content\/uploads\/2022\/02\/zugerseeschwimmen.png 568w, https:\/\/birrer.swiss\/wp-content\/uploads\/2022\/02\/zugerseeschwimmen-300x24.png 300w\" sizes=\"(max-width: 568px) 100vw, 568px\" \/><\/figure><div class=\"wp-block-media-text__content\">\n<p class=\"has-large-font-size\">Zugersee Wettschwimmen<\/p>\n\n\n\n<p>Mehrere Jahre Chef Rechnungsb\u00fcro<\/p>\n<\/div><\/div>\n\n\n\n<hr class=\"wp-block-separator has-css-opacity\"\/>\n\n\n\n<div class=\"wp-block-media-text alignwide is-stacked-on-mobile\" style=\"grid-template-columns:22% auto\"><figure class=\"wp-block-media-text__media\"><img loading=\"lazy\" decoding=\"async\" width=\"116\" height=\"97\" src=\"https:\/\/2022.birrer.swiss\/wp-content\/uploads\/2022\/02\/ipv6.png\" alt=\"\" class=\"wp-image-159 size-full\"\/><\/figure><div class=\"wp-block-media-text__content\">\n<p class=\"has-large-font-size\">IPv6 Council<\/p>\n\n\n\n<p>Aktivmitglied<\/p>\n<\/div><\/div>\n\n\n\n<hr class=\"wp-block-separator has-css-opacity\"\/>\n\n\n\n<div class=\"wp-block-media-text alignwide is-stacked-on-mobile\" style=\"grid-template-columns:21% auto\"><figure class=\"wp-block-media-text__media\"><img decoding=\"async\" width=\"1024\" height=\"367\" src=\"https:\/\/2022.birrer.swiss\/wp-content\/uploads\/2022\/02\/logo_1024_WHITE.png\" alt=\"\" class=\"wp-image-162 size-full\" srcset=\"https:\/\/birrer.swiss\/wp-content\/uploads\/2022\/02\/logo_1024_WHITE.png 1024w, https:\/\/birrer.swiss\/wp-content\/uploads\/2022\/02\/logo_1024_WHITE-300x108.png 300w, https:\/\/birrer.swiss\/wp-content\/uploads\/2022\/02\/logo_1024_WHITE-768x275.png 768w\" sizes=\"(max-width: 1024px) 100vw, 1024px\" \/><\/figure><div class=\"wp-block-media-text__content\">\n<p class=\"has-large-font-size\">Radio Rigi<\/p>\n\n\n\n<p>www.radiorigi.ch<br>Projekt zur ersten Coronazeit 2020.<\/p>\n<\/div><\/div>\n\n\n\n<hr class=\"wp-block-separator has-css-opacity\"\/>\n\n\n\n<div class=\"wp-block-media-text alignwide is-stacked-on-mobile\" style=\"grid-template-columns:21% auto\"><figure class=\"wp-block-media-text__media\"><img loading=\"lazy\" decoding=\"async\" width=\"559\" height=\"299\" src=\"https:\/\/2022.birrer.swiss\/wp-content\/uploads\/2022\/02\/pedalo.png\" alt=\"\" class=\"wp-image-192 size-full\" srcset=\"https:\/\/birrer.swiss\/wp-content\/uploads\/2022\/02\/pedalo.png 559w, https:\/\/birrer.swiss\/wp-content\/uploads\/2022\/02\/pedalo-300x160.png 300w\" sizes=\"(max-width: 559px) 100vw, 559px\" \/><\/figure><div class=\"wp-block-media-text__content\">\n<p class=\"has-large-font-size\">Pedalovermietung Arth<\/p>\n\n\n\n<p><br>1997 durfte ich in Arth f\u00fcr den Verkehrsverein Arth den Pedalobetrieb in Betrieb nehmen. Eine willkommene Ferienjob-Gelegenheit w\u00e4hrend dem &#171;Studium&#187;.<\/p>\n\n\n\n<p>Auszug aus der RIGIPOST:<\/p>\n<\/div><\/div>\n\n\n\n<div data-wp-interactive=\"core\/file\" class=\"wp-block-file\"><object data-wp-bind--hidden=\"!state.hasPdfPreview\" hidden class=\"wp-block-file__embed\" data=\"https:\/\/2022.birrer.swiss\/wp-content\/uploads\/2022\/02\/Pedalo_Attraktion.pdf\" type=\"application\/pdf\" style=\"width:100%;height:600px\" aria-label=\"Einbettung von Pedalo_Attraktion.\"><\/object><a id=\"wp-block-file--media-dd8b64a9-09c1-486a-b9ff-f30ba9c49c26\" href=\"https:\/\/2022.birrer.swiss\/wp-content\/uploads\/2022\/02\/Pedalo_Attraktion.pdf\">Pedalo_Attraktion<\/a><a href=\"https:\/\/2022.birrer.swiss\/wp-content\/uploads\/2022\/02\/Pedalo_Attraktion.pdf\" class=\"wp-block-file__button wp-element-button\" download aria-describedby=\"wp-block-file--media-dd8b64a9-09c1-486a-b9ff-f30ba9c49c26\">Herunterladen<\/a><\/div>\n\n\n\n<p><\/p>\n","protected":false},"excerpt":{"rendered":"<p>Ehemalige Vereinsmitgliedschaften und Projekte Gewerbeverein Meggen www.gewerbe-meggen.chVorstandsmitglied 2016-2025 SVP www.svpmeggen.chVorstand \/ Ortsparteipr\u00e4sident Meggen 2016-2025 Rigi News Pers\u00f6nlicher Blog. [LINK]Die Rigi \u2013 K\u00f6nigin der Berge. Ein Ort der Entspannung, Inspiration und ein Ort um Weitsicht in einer Sachthematik zu finden. Folge auf Telegram:&nbsp;&nbsp;&nbsp;&nbsp; https:\/\/t.me\/riginewsoder Facebook:&nbsp;&nbsp;&nbsp; https:\/\/www.facebook.com\/riginews InternationalerRigitr\u00e4ger-Berglauf www.rigiberglauf.ch \u00dcber 10 Jahre als Chef Rechnungsb\u00fcro und Zeitmessung &hellip; <\/p>\n<p class=\"link-more\"><a href=\"https:\/\/birrer.swiss\/?page_id=142\" class=\"more-link\">Read more<span class=\"screen-reader-text\"> &#171;Vereine und Projekte&#187;<\/span><\/a><\/p>\n","protected":false},"author":2,"featured_media":0,"parent":0,"menu_order":0,"comment_status":"closed","ping_status":"closed","template":"","meta":{"footnotes":""},"class_list":["post-142","page","type-page","status-publish","hentry"],"featured_media_urls":[],"_links":{"self":[{"href":"https:\/\/birrer.swiss\/index.php?rest_route=\/wp\/v2\/pages\/142","targetHints":{"allow":["GET"]}}],"collection":[{"href":"https:\/\/birrer.swiss\/index.php?rest_route=\/wp\/v2\/pages"}],"about":[{"href":"https:\/\/birrer.swiss\/index.php?rest_route=\/wp\/v2\/types\/page"}],"author":[{"embeddable":true,"href":"https:\/\/birrer.swiss\/index.php?rest_route=\/wp\/v2\/users\/2"}],"replies":[{"embeddable":true,"href":"https:\/\/birrer.swiss\/index.php?rest_route=%2Fwp%2Fv2%2Fcomments&post=142"}],"version-history":[{"count":15,"href":"https:\/\/birrer.swiss\/index.php?rest_route=\/wp\/v2\/pages\/142\/revisions"}],"predecessor-version":[{"id":2521,"href":"https:\/\/birrer.swiss\/index.php?rest_route=\/wp\/v2\/pages\/142\/revisions\/2521"}],"wp:attachment":[{"href":"https:\/\/birrer.swiss\/index.php?rest_route=%2Fwp%2Fv2%2Fmedia&parent=142"}],"curies":[{"name":"wp","href":"https:\/\/api.w.org\/{rel}","templated":true}]}}