{"id":342,"date":"2022-02-17T22:29:46","date_gmt":"2022-02-17T21:29:46","guid":{"rendered":"https:\/\/2022.birrer.swiss\/?page_id=342"},"modified":"2022-12-18T15:47:08","modified_gmt":"2022-12-18T14:47:08","slug":"staatsrecht","status":"publish","type":"page","link":"https:\/\/birrer.swiss\/?page_id=342","title":{"rendered":"Staatsrecht"},"content":{"rendered":"\n<figure class=\"wp-block-image size-large\"><img fetchpriority=\"high\" decoding=\"async\" width=\"1024\" height=\"768\" src=\"https:\/\/2022.birrer.swiss\/wp-content\/uploads\/2022\/12\/hammer-802298_1920-1024x768.jpg\" alt=\"\" class=\"wp-image-1625\" srcset=\"https:\/\/birrer.swiss\/wp-content\/uploads\/2022\/12\/hammer-802298_1920-1024x768.jpg 1024w, https:\/\/birrer.swiss\/wp-content\/uploads\/2022\/12\/hammer-802298_1920-300x225.jpg 300w, https:\/\/birrer.swiss\/wp-content\/uploads\/2022\/12\/hammer-802298_1920-768x576.jpg 768w, https:\/\/birrer.swiss\/wp-content\/uploads\/2022\/12\/hammer-802298_1920-1536x1152.jpg 1536w, https:\/\/birrer.swiss\/wp-content\/uploads\/2022\/12\/hammer-802298_1920.jpg 1920w\" sizes=\"(max-width: 1024px) 100vw, 1024px\" \/><\/figure>\n\n\n\n<p><strong>Verfassung vs. Bundesgesetz<\/strong><\/p>\n\n\n\n<p>In unserer Bundesverfassung steht:<\/p>\n\n\n\n<blockquote class=\"wp-block-quote is-layout-flow wp-block-quote-is-layout-flow\"><p>Massgebendes Recht:<br>Bundesgesetze und V\u00f6lkerrecht sind f\u00fcr das Bundesgericht und die anderen<br>rechtsanwendenden Beh\u00f6rden massgebend<\/p><cite>Bundesverfassung der Schweizer Eidgenossenschaft Art. 190<\/cite><\/blockquote>\n\n\n\n<p>Nun vorweg; Es kann sein, dass Bundesgesetze dem ausgedr\u00fcckten Willens eines Verfassungsartikel widersprechen. Weshalb? Weil wir kein Verfassungsgericht haben, das Gesetzestexte auf verfassungskonformit\u00e4t \u00fcberpr\u00fcft, bevor diese in Kraft treten. <\/p>\n\n\n\n<p>Einverstanden: Dies ist vereinfachte und abstrakte Version. <\/p>\n\n\n\n<p>Vor allem die Corona-Politik liess mich mit Staatsrechtlern und Iuristen viel Zeit verbringen und so diskutierten wir immer wieder diesen in der Breite unbekannten Zustand. Und um das ganze zu veranschaulichen, m\u00f6chte ich ein Beispiel aus der Coronazeit darstellen. (Wichtig, es geht mir nicht um die Wertung der Coronamassnahmen, aber es dient sehr sch\u00f6n zur Veranschaulichung):<\/p>\n\n\n\n<p>Eine Angestellte, nennen wir sie Vreneli, wird von ihrem Chef damit konfrontiert, dass sie die Arbeitsstelle weiterhin nur behalten kann, wenn diese sich impfen liesse. Vreneli empfindet dies n\u00f6tigend und aus pers\u00f6nlichen Gr\u00fcnden nicht akzeptabel. Sie fechtet die gefolgte K\u00fcndigung rechtlich an und landet letztinstanzlich beim Bundesgericht. Vreneli, als motivierte Schweizerin, wedelt wie wild mit dem roten B\u00fcchlein, der Bundesverfassung vor dem Bundesrichter hin und her. Sie verweist souver\u00e4n auf den Artikel 10 Abs. 2, dass sie das Recht auf k\u00f6rperliche Unversehrtheit habe. Der ehrenw\u00fcrdige Richter wird best\u00e4tigen, dass Vreneli gem\u00e4ss Verfassung tats\u00e4chlich habe. Doch geht es um die K\u00fcndigung. Und hier steht eindeutig im Artikel 190, dass der Richter nur Bundesgesetze und V\u00f6lkerrecht bei der Urteilsfindung beiziehen darf. Und im Bundesgesetz zu Covid steht, dass der Bundesrat bestimmte Personengruppen zur Impfung verpflichten kann. <br>Nun unterliegt die Branche einer solchen Personengruppe. So gesehen wird der Richter sich auf das Gesetz berufen und Vreneli Unrecht zusprechen m\u00fcssen. Nat\u00fcrlich gibt es noch ein Arbeitsrecht etc. Aber es soll ja auch nur veranschaulichend wirken.<\/p>\n\n\n\n<hr class=\"wp-block-separator has-alpha-channel-opacity\"\/>\n\n\n\n<p><strong>L\u00f6sung(en):<\/strong><\/p>\n\n\n\n<p>Ein Verfassungsgericht, was \u00fcberdies bereits oftmals politisch diskutiert wurde, w\u00e4re eine m\u00f6gliche L\u00f6sung, doch ebenso eine massiv verwaltungstechnische Herausforderung. <\/p>\n\n\n\n<p>Mein Vorschlag w\u00e4re das Anpassen der Verfassung wie sinngem\u00e4ss folgend:<br>Art. 190 (neu zu erg\u00e4nzen):<\/p>\n\n\n\n<p><strong>Varianten:<\/strong><\/p>\n\n\n\n<p>Bundesgesetze und V\u00f6lkerrecht sind f\u00fcr das Bundesgericht und die anderen rechts-<br>anwendenden Beh\u00f6rden massgebend, sofern das Urteil nicht im Widerspruch zur Verfassung steht.<\/p>\n\n\n\n<p>Verfassung, Bundesgesetze und V\u00f6lkerrecht sind f\u00fcr das Bundesgericht und die anderen rechts-<br>anwendenden Beh\u00f6rden massgebend.<\/p>\n\n\n\n<p>Bundesgesetze und V\u00f6lkerrecht sind f\u00fcr das Bundesgericht und die anderen rechts-<br>anwendenden Beh\u00f6rden massgebend. Die Schweizerische Bundesverfassung darf bei der Rechtsprechung nicht verletzt sein.<\/p>\n\n\n\n<p><em>Hier mein Workpaper f\u00fcr eine entsprechende Volksinitiative:<\/em><\/p>\n\n\n\n<div data-wp-interactive=\"core\/file\" class=\"wp-block-file\"><object data-wp-bind--hidden=\"!state.hasPdfPreview\" hidden class=\"wp-block-file__embed\" data=\"https:\/\/2022.birrer.swiss\/wp-content\/uploads\/2022\/12\/Textanpassung-BV.pdf\" type=\"application\/pdf\" style=\"width:100%;height:600px\" aria-label=\"Einbettung von Einbettung von Textanpassung-BV..\"><\/object><a id=\"wp-block-file--media-5592a797-f0ec-4b7f-9d3a-b4d58888e3bd\" href=\"https:\/\/2022.birrer.swiss\/wp-content\/uploads\/2022\/12\/Textanpassung-BV.pdf\">Textanpassung-BV<\/a><a href=\"https:\/\/2022.birrer.swiss\/wp-content\/uploads\/2022\/12\/Textanpassung-BV.pdf\" class=\"wp-block-file__button\" download aria-describedby=\"wp-block-file--media-5592a797-f0ec-4b7f-9d3a-b4d58888e3bd\">Herunterladen<\/a><\/div>\n","protected":false},"excerpt":{"rendered":"<p>Verfassung vs. Bundesgesetz In unserer Bundesverfassung steht: Massgebendes Recht:Bundesgesetze und V\u00f6lkerrecht sind f\u00fcr das Bundesgericht und die anderenrechtsanwendenden Beh\u00f6rden massgebend Bundesverfassung der Schweizer Eidgenossenschaft Art. 190 Nun vorweg; Es kann sein, dass Bundesgesetze dem ausgedr\u00fcckten Willens eines Verfassungsartikel widersprechen. Weshalb? Weil wir kein Verfassungsgericht haben, das Gesetzestexte auf verfassungskonformit\u00e4t \u00fcberpr\u00fcft, bevor diese in Kraft treten. &hellip; <\/p>\n<p class=\"link-more\"><a href=\"https:\/\/birrer.swiss\/?page_id=342\" class=\"more-link\">Read more<span class=\"screen-reader-text\"> &#171;Staatsrecht&#187;<\/span><\/a><\/p>\n","protected":false},"author":2,"featured_media":0,"parent":334,"menu_order":0,"comment_status":"closed","ping_status":"closed","template":"","meta":{"footnotes":""},"class_list":["post-342","page","type-page","status-publish","hentry"],"featured_media_urls":[],"_links":{"self":[{"href":"https:\/\/birrer.swiss\/index.php?rest_route=\/wp\/v2\/pages\/342","targetHints":{"allow":["GET"]}}],"collection":[{"href":"https:\/\/birrer.swiss\/index.php?rest_route=\/wp\/v2\/pages"}],"about":[{"href":"https:\/\/birrer.swiss\/index.php?rest_route=\/wp\/v2\/types\/page"}],"author":[{"embeddable":true,"href":"https:\/\/birrer.swiss\/index.php?rest_route=\/wp\/v2\/users\/2"}],"replies":[{"embeddable":true,"href":"https:\/\/birrer.swiss\/index.php?rest_route=%2Fwp%2Fv2%2Fcomments&post=342"}],"version-history":[{"count":4,"href":"https:\/\/birrer.swiss\/index.php?rest_route=\/wp\/v2\/pages\/342\/revisions"}],"predecessor-version":[{"id":1630,"href":"https:\/\/birrer.swiss\/index.php?rest_route=\/wp\/v2\/pages\/342\/revisions\/1630"}],"up":[{"embeddable":true,"href":"https:\/\/birrer.swiss\/index.php?rest_route=\/wp\/v2\/pages\/334"}],"wp:attachment":[{"href":"https:\/\/birrer.swiss\/index.php?rest_route=%2Fwp%2Fv2%2Fmedia&parent=342"}],"curies":[{"name":"wp","href":"https:\/\/api.w.org\/{rel}","templated":true}]}}

<figure class="wp-block-image size-large"><img fetchpriority="high" decoding="async" width="1024" height="768" src="https://2022.birrer.swiss/wp-content/uploads/2022/12/hammer-802298_1920-1024x768.jpg" alt="" class="wp-image-1625" srcset="https://birrer.swiss/wp-content/uploads/2022/12/hammer-802298_1920-1024x768.jpg 1024w, https://birrer.swiss/wp-content/uploads/2022/12/hammer-802298_1920-300x225.jpg 300w, https://birrer.swiss/wp-content/uploads/2022/12/hammer-802298_1920-768x576.jpg 768w, https://birrer.swiss/wp-content/uploads/2022/12/hammer-802298_1920-1536x1152.jpg 1536w, https://birrer.swiss/wp-content/uploads/2022/12/hammer-802298_1920.jpg 1920w" sizes="(max-width: 1024px) 100vw, 1024px" /></figure>



<p><strong>Verfassung vs. Bundesgesetz</strong></p>



<p>In unserer Bundesverfassung steht:</p>



<blockquote class="wp-block-quote is-layout-flow wp-block-quote-is-layout-flow"><p>Massgebendes Recht:<br>Bundesgesetze und Völkerrecht sind für das Bundesgericht und die anderen<br>rechtsanwendenden Behörden massgebend</p><cite>Bundesverfassung der Schweizer Eidgenossenschaft Art. 190</cite></blockquote>



<p>Nun vorweg; Es kann sein, dass Bundesgesetze dem ausgedrückten Willens eines Verfassungsartikel widersprechen. Weshalb? Weil wir kein Verfassungsgericht haben, das Gesetzestexte auf verfassungskonformität überprüft, bevor diese in Kraft treten. </p>



<p>Einverstanden: Dies ist vereinfachte und abstrakte Version. </p>



<p>Vor allem die Corona-Politik liess mich mit Staatsrechtlern und Iuristen viel Zeit verbringen und so diskutierten wir immer wieder diesen in der Breite unbekannten Zustand. Und um das ganze zu veranschaulichen, möchte ich ein Beispiel aus der Coronazeit darstellen. (Wichtig, es geht mir nicht um die Wertung der Coronamassnahmen, aber es dient sehr schön zur Veranschaulichung):</p>



<p>Eine Angestellte, nennen wir sie Vreneli, wird von ihrem Chef damit konfrontiert, dass sie die Arbeitsstelle weiterhin nur behalten kann, wenn diese sich impfen liesse. Vreneli empfindet dies nötigend und aus persönlichen Gründen nicht akzeptabel. Sie fechtet die gefolgte Kündigung rechtlich an und landet letztinstanzlich beim Bundesgericht. Vreneli, als motivierte Schweizerin, wedelt wie wild mit dem roten Büchlein, der Bundesverfassung vor dem Bundesrichter hin und her. Sie verweist souverän auf den Artikel 10 Abs. 2, dass sie das Recht auf körperliche Unversehrtheit habe. Der ehrenwürdige Richter wird bestätigen, dass Vreneli gemäss Verfassung tatsächlich habe. Doch geht es um die Kündigung. Und hier steht eindeutig im Artikel 190, dass der Richter nur Bundesgesetze und Völkerrecht bei der Urteilsfindung beiziehen darf. Und im Bundesgesetz zu Covid steht, dass der Bundesrat bestimmte Personengruppen zur Impfung verpflichten kann. <br>Nun unterliegt die Branche einer solchen Personengruppe. So gesehen wird der Richter sich auf das Gesetz berufen und Vreneli Unrecht zusprechen müssen. Natürlich gibt es noch ein Arbeitsrecht etc. Aber es soll ja auch nur veranschaulichend wirken.</p>



<hr class="wp-block-separator has-alpha-channel-opacity"/>



<p><strong>Lösung(en):</strong></p>



<p>Ein Verfassungsgericht, was überdies bereits oftmals politisch diskutiert wurde, wäre eine mögliche Lösung, doch ebenso eine massiv verwaltungstechnische Herausforderung. </p>



<p>Mein Vorschlag wäre das Anpassen der Verfassung wie sinngemäss folgend:<br>Art. 190 (neu zu ergänzen):</p>



<p><strong>Varianten:</strong></p>



<p>Bundesgesetze und Völkerrecht sind für das Bundesgericht und die anderen rechts-<br>anwendenden Behörden massgebend, sofern das Urteil nicht im Widerspruch zur Verfassung steht.</p>



<p>Verfassung, Bundesgesetze und Völkerrecht sind für das Bundesgericht und die anderen rechts-<br>anwendenden Behörden massgebend.</p>



<p>Bundesgesetze und Völkerrecht sind für das Bundesgericht und die anderen rechts-<br>anwendenden Behörden massgebend. Die Schweizerische Bundesverfassung darf bei der Rechtsprechung nicht verletzt sein.</p>



<p><em>Hier mein Workpaper für eine entsprechende Volksinitiative:</em></p>



<div data-wp-interactive="core/file" class="wp-block-file"><object data-wp-bind--hidden="!state.hasPdfPreview" hidden class="wp-block-file__embed" data="https://2022.birrer.swiss/wp-content/uploads/2022/12/Textanpassung-BV.pdf" type="application/pdf" style="width:100%;height:600px" aria-label="Einbettung von Einbettung von Textanpassung-BV.."></object><a id="wp-block-file--media-5592a797-f0ec-4b7f-9d3a-b4d58888e3bd" href="https://2022.birrer.swiss/wp-content/uploads/2022/12/Textanpassung-BV.pdf">Textanpassung-BV</a><a href="https://2022.birrer.swiss/wp-content/uploads/2022/12/Textanpassung-BV.pdf" class="wp-block-file__button" download aria-describedby="wp-block-file--media-5592a797-f0ec-4b7f-9d3a-b4d58888e3bd">Herunterladen</a></div>

<p>Verfassung vs. Bundesgesetz In unserer Bundesverfassung steht: Massgebendes Recht:Bundesgesetze und Völkerrecht sind für das Bundesgericht und die anderenrechtsanwendenden Behörden massgebend Bundesverfassung der Schweizer Eidgenossenschaft Art. 190 Nun vorweg; Es kann sein, dass Bundesgesetze dem ausgedrückten Willens eines Verfassungsartikel widersprechen. Weshalb? Weil wir kein Verfassungsgericht haben, das Gesetzestexte auf verfassungskonformität überprüft, bevor diese in Kraft treten. &hellip; </p>
<p class="link-more"><a href="https://birrer.swiss/?page_id=342" class="more-link">Read more<span class="screen-reader-text"> &#171;Staatsrecht&#187;</span></a></p>
