{"id":344,"date":"2022-02-17T22:30:23","date_gmt":"2022-02-17T21:30:23","guid":{"rendered":"https:\/\/2022.birrer.swiss\/?page_id=344"},"modified":"2022-12-18T15:56:18","modified_gmt":"2022-12-18T14:56:18","slug":"datenschutz","status":"publish","type":"page","link":"https:\/\/birrer.swiss\/?page_id=344","title":{"rendered":"Cyber, Kommunkationstechnik &#038; Datenschutz"},"content":{"rendered":"\n<figure class=\"wp-block-image size-large\"><img fetchpriority=\"high\" decoding=\"async\" width=\"1024\" height=\"768\" src=\"https:\/\/2022.birrer.swiss\/wp-content\/uploads\/2022\/12\/computer-3028682-1024x768.jpg\" alt=\"\" class=\"wp-image-1621\" srcset=\"https:\/\/birrer.swiss\/wp-content\/uploads\/2022\/12\/computer-3028682-1024x768.jpg 1024w, https:\/\/birrer.swiss\/wp-content\/uploads\/2022\/12\/computer-3028682-300x225.jpg 300w, https:\/\/birrer.swiss\/wp-content\/uploads\/2022\/12\/computer-3028682-768x576.jpg 768w, https:\/\/birrer.swiss\/wp-content\/uploads\/2022\/12\/computer-3028682-1536x1152.jpg 1536w, https:\/\/birrer.swiss\/wp-content\/uploads\/2022\/12\/computer-3028682-2048x1536.jpg 2048w, https:\/\/birrer.swiss\/wp-content\/uploads\/2022\/12\/computer-3028682-2000x1500.jpg 2000w\" sizes=\"(max-width: 1024px) 100vw, 1024px\" \/><\/figure>\n\n\n\n<p><strong>e-ID<\/strong><\/p>\n\n\n\n<p>Am 7. M\u00e4rz 2021 hat die Schweiz das E-ID Gesetz abgelehnt; zum Gl\u00fcck. Doch steht ein erneuter Versuch seitens des Bundesrates (Karin Keller-Suter) im Raum.<br><br>Die Grundindee einer eID empfinde ich als sinnvoll und praktisch. Doch besteht die Gefahr, wie es die besagte Abstimmung zeigt, dass die Beh\u00f6rden, mit dem abzustimmenden Gesetzestext, nicht den Nutzen und die Funktionalit\u00e4t f\u00fcr den B\u00fcrger ins Zentrum stellen, sondern die Machtkompetenzerweiterung des FEDPOL. <\/p>\n\n\n\n<p><a href=\"https:\/\/2022.birrer.swiss\/?p=272\">Siehe Videobeitrag hier.<\/a><\/p>\n\n\n\n<hr class=\"wp-block-separator has-alpha-channel-opacity\"\/>\n\n\n\n<p><strong>\u00dcberwachungsstaat<\/strong><\/p>\n\n\n\n<p>Es scheint un\u00fcbersehbar, dass mit der fortschreitenden Entwicklung der Digitalisierungsm\u00f6glichkeiten, auch &#171;der Staat&#187;, konkret Nachrichtendienste, das FEDPOL und weitere Beh\u00f6rden, interessiert sind, sich der neuen Technologien zu bedienen. Es ist auch in der Natur dieser Beamtenstellen, Daten zu sammeln und vor allem als Information in Zusammenhang bringen zu wollen. <br>Qualitativ gute Informationen ben\u00f6tigen eine grosse Menge Daten. Man kann davon halten was man will, aber die Chinesen gelten hierbei als mein pers\u00f6nliches Negativbeispiel. <br>&#8211; Millionen von \u00dcberwachungskameras<br>&#8211; Handynutzungsdaten<br>&#8211; Standort\u00fcberwachung<br>&#8211; Bargeldabschaffung und &#171;digitale, verfolgbare Geldtransaktionen&#187;<br>&#8211; etc.<\/p>\n\n\n\n<p>Immerwieder h\u00f6re ich den Spruch &#171;Ich habe ja nichts zu verbergen&#187;. Doch dies ist der freiheitliche Suizid schlechthin. Einzelne Daten sind auch nicht das prim\u00e4re Problem. Beginnen jedoch die Beh\u00f6rden diese Daten zu <em>verkn\u00fcpfen <\/em>und <em>auszuwerten<\/em>, sowie mit Gausschen Normalverteilungen zu <em>vergleichen<\/em>, entstehen sehr pers\u00f6nliche Personen- und damit Verhaltensprofile. <br>Die daraus m\u00f6glichen Konsequenzen sind alles andere als liberal. Stellen Sie sich vor, Sie erhalten auf einmal eine 150% h\u00f6here Krankenkassenrechnung Ende des Monats! Weshalb? Weil die Krankenkasse Sie auf Grund eines McDonalds Besuchs und 30&#8217;000 Schritte, die Sie zu wenig liefen, als gr\u00f6sseres Risikos einstuft. <br>Oder sie erhalten keine Hypothek f\u00fcr Ihr Traumhaus, obschon Sie alle finanziellen Anforderungen erf\u00fcllen, da sie bekanntlich jemand sind, der tierische Produkte bevorzugt und somit augenscheinlich ihr Energiehaushalt damit bereits \u00fcberschritten ist, da ein Haus f\u00fcr Sie zuviel Heizfl\u00e4che bedeuten w\u00fcrde. <\/p>\n\n\n\n<p>Klingt alles etwas fiktiv und an den Haaren herbeigezogen! Doch ist dies in China mit dem Social Credit System gelebter Alltag. Und zu allem Elend, sind auch Schweizer Beh\u00f6rden bereits aktiv dabei, in gewissen St\u00e4dten Kameradaten zu sammeln und mittels &#171;KI&#187; auszuwerten. <br><br>Die Konsequenz ist, dass man noch lange dann in einem Rechtsverfahren die Unschuldsvermutung hochloben kann, doch wird diese zunehmends obsolet.<br><br>Video: <a rel=\"noreferrer noopener\" href=\"https:\/\/www.youtube.com\/watch?v=ZpZ2NF_MOKE\" target=\"_blank\">Chinas digitales \u00dcberwachungssystem \u2013 die totale Kontrolle? | Weltspiegel<\/a><br>Video: <a rel=\"noreferrer noopener\" href=\"https:\/\/www.youtube.com\/watch?v=wYzHSq3dWs0\" target=\"_blank\">Das \u00fcberwachte Volk &#8211; Chinas Sozial-Kredit-System DOKU\/DOKUMENTATION deutsch\/german 2019 HD<\/a><br><\/p>\n\n\n\n<hr class=\"wp-block-separator has-alpha-channel-opacity\"\/>\n\n\n\n<p><\/p>\n","protected":false},"excerpt":{"rendered":"<p>e-ID Am 7. M\u00e4rz 2021 hat die Schweiz das E-ID Gesetz abgelehnt; zum Gl\u00fcck. Doch steht ein erneuter Versuch seitens des Bundesrates (Karin Keller-Suter) im Raum. Die Grundindee einer eID empfinde ich als sinnvoll und praktisch. Doch besteht die Gefahr, wie es die besagte Abstimmung zeigt, dass die Beh\u00f6rden, mit dem abzustimmenden Gesetzestext, nicht den &hellip; <\/p>\n<p class=\"link-more\"><a href=\"https:\/\/birrer.swiss\/?page_id=344\" class=\"more-link\">Read more<span class=\"screen-reader-text\"> &#171;Cyber, Kommunkationstechnik &#038; Datenschutz&#187;<\/span><\/a><\/p>\n","protected":false},"author":2,"featured_media":0,"parent":334,"menu_order":0,"comment_status":"closed","ping_status":"closed","template":"","meta":{"footnotes":""},"class_list":["post-344","page","type-page","status-publish","hentry"],"featured_media_urls":[],"_links":{"self":[{"href":"https:\/\/birrer.swiss\/index.php?rest_route=\/wp\/v2\/pages\/344","targetHints":{"allow":["GET"]}}],"collection":[{"href":"https:\/\/birrer.swiss\/index.php?rest_route=\/wp\/v2\/pages"}],"about":[{"href":"https:\/\/birrer.swiss\/index.php?rest_route=\/wp\/v2\/types\/page"}],"author":[{"embeddable":true,"href":"https:\/\/birrer.swiss\/index.php?rest_route=\/wp\/v2\/users\/2"}],"replies":[{"embeddable":true,"href":"https:\/\/birrer.swiss\/index.php?rest_route=%2Fwp%2Fv2%2Fcomments&post=344"}],"version-history":[{"count":6,"href":"https:\/\/birrer.swiss\/index.php?rest_route=\/wp\/v2\/pages\/344\/revisions"}],"predecessor-version":[{"id":1632,"href":"https:\/\/birrer.swiss\/index.php?rest_route=\/wp\/v2\/pages\/344\/revisions\/1632"}],"up":[{"embeddable":true,"href":"https:\/\/birrer.swiss\/index.php?rest_route=\/wp\/v2\/pages\/334"}],"wp:attachment":[{"href":"https:\/\/birrer.swiss\/index.php?rest_route=%2Fwp%2Fv2%2Fmedia&parent=344"}],"curies":[{"name":"wp","href":"https:\/\/api.w.org\/{rel}","templated":true}]}}

<figure class="wp-block-image size-large"><img fetchpriority="high" decoding="async" width="1024" height="768" src="https://2022.birrer.swiss/wp-content/uploads/2022/12/computer-3028682-1024x768.jpg" alt="" class="wp-image-1621" srcset="https://birrer.swiss/wp-content/uploads/2022/12/computer-3028682-1024x768.jpg 1024w, https://birrer.swiss/wp-content/uploads/2022/12/computer-3028682-300x225.jpg 300w, https://birrer.swiss/wp-content/uploads/2022/12/computer-3028682-768x576.jpg 768w, https://birrer.swiss/wp-content/uploads/2022/12/computer-3028682-1536x1152.jpg 1536w, https://birrer.swiss/wp-content/uploads/2022/12/computer-3028682-2048x1536.jpg 2048w, https://birrer.swiss/wp-content/uploads/2022/12/computer-3028682-2000x1500.jpg 2000w" sizes="(max-width: 1024px) 100vw, 1024px" /></figure>



<p><strong>e-ID</strong></p>



<p>Am 7. März 2021 hat die Schweiz das E-ID Gesetz abgelehnt; zum Glück. Doch steht ein erneuter Versuch seitens des Bundesrates (Karin Keller-Suter) im Raum.<br><br>Die Grundindee einer eID empfinde ich als sinnvoll und praktisch. Doch besteht die Gefahr, wie es die besagte Abstimmung zeigt, dass die Behörden, mit dem abzustimmenden Gesetzestext, nicht den Nutzen und die Funktionalität für den Bürger ins Zentrum stellen, sondern die Machtkompetenzerweiterung des FEDPOL. </p>



<p><a href="https://2022.birrer.swiss/?p=272">Siehe Videobeitrag hier.</a></p>



<hr class="wp-block-separator has-alpha-channel-opacity"/>



<p><strong>Überwachungsstaat</strong></p>



<p>Es scheint unübersehbar, dass mit der fortschreitenden Entwicklung der Digitalisierungsmöglichkeiten, auch &#171;der Staat&#187;, konkret Nachrichtendienste, das FEDPOL und weitere Behörden, interessiert sind, sich der neuen Technologien zu bedienen. Es ist auch in der Natur dieser Beamtenstellen, Daten zu sammeln und vor allem als Information in Zusammenhang bringen zu wollen. <br>Qualitativ gute Informationen benötigen eine grosse Menge Daten. Man kann davon halten was man will, aber die Chinesen gelten hierbei als mein persönliches Negativbeispiel. <br>&#8211; Millionen von Überwachungskameras<br>&#8211; Handynutzungsdaten<br>&#8211; Standortüberwachung<br>&#8211; Bargeldabschaffung und &#171;digitale, verfolgbare Geldtransaktionen&#187;<br>&#8211; etc.</p>



<p>Immerwieder höre ich den Spruch &#171;Ich habe ja nichts zu verbergen&#187;. Doch dies ist der freiheitliche Suizid schlechthin. Einzelne Daten sind auch nicht das primäre Problem. Beginnen jedoch die Behörden diese Daten zu <em>verknüpfen </em>und <em>auszuwerten</em>, sowie mit Gausschen Normalverteilungen zu <em>vergleichen</em>, entstehen sehr persönliche Personen- und damit Verhaltensprofile. <br>Die daraus möglichen Konsequenzen sind alles andere als liberal. Stellen Sie sich vor, Sie erhalten auf einmal eine 150% höhere Krankenkassenrechnung Ende des Monats! Weshalb? Weil die Krankenkasse Sie auf Grund eines McDonalds Besuchs und 30&#8217;000 Schritte, die Sie zu wenig liefen, als grösseres Risikos einstuft. <br>Oder sie erhalten keine Hypothek für Ihr Traumhaus, obschon Sie alle finanziellen Anforderungen erfüllen, da sie bekanntlich jemand sind, der tierische Produkte bevorzugt und somit augenscheinlich ihr Energiehaushalt damit bereits überschritten ist, da ein Haus für Sie zuviel Heizfläche bedeuten würde. </p>



<p>Klingt alles etwas fiktiv und an den Haaren herbeigezogen! Doch ist dies in China mit dem Social Credit System gelebter Alltag. Und zu allem Elend, sind auch Schweizer Behörden bereits aktiv dabei, in gewissen Städten Kameradaten zu sammeln und mittels &#171;KI&#187; auszuwerten. <br><br>Die Konsequenz ist, dass man noch lange dann in einem Rechtsverfahren die Unschuldsvermutung hochloben kann, doch wird diese zunehmends obsolet.<br><br>Video: <a rel="noreferrer noopener" href="https://www.youtube.com/watch?v=ZpZ2NF_MOKE" target="_blank">Chinas digitales Überwachungssystem – die totale Kontrolle? | Weltspiegel</a><br>Video: <a rel="noreferrer noopener" href="https://www.youtube.com/watch?v=wYzHSq3dWs0" target="_blank">Das überwachte Volk &#8211; Chinas Sozial-Kredit-System DOKU/DOKUMENTATION deutsch/german 2019 HD</a><br></p>



<hr class="wp-block-separator has-alpha-channel-opacity"/>



<p></p>

<p>e-ID Am 7. März 2021 hat die Schweiz das E-ID Gesetz abgelehnt; zum Glück. Doch steht ein erneuter Versuch seitens des Bundesrates (Karin Keller-Suter) im Raum. Die Grundindee einer eID empfinde ich als sinnvoll und praktisch. Doch besteht die Gefahr, wie es die besagte Abstimmung zeigt, dass die Behörden, mit dem abzustimmenden Gesetzestext, nicht den &hellip; </p>
<p class="link-more"><a href="https://birrer.swiss/?page_id=344" class="more-link">Read more<span class="screen-reader-text"> &#171;Cyber, Kommunkationstechnik &#038; Datenschutz&#187;</span></a></p>
